posite?
False
Suppose -1831103 = 25*j + 27*j - 6798091. Is j a prime number?
False
Suppose 154*d + 4*c = 159*d - 3392121, 0 = 5*d + c - 3392101. Is d composite?
False
Let y(t) = 146*t**2 - 5*t - 7. Suppose 0 = -3*c + 1 + 23. Suppose u = -5*r - 7 - 5, c = -2*r - 2*u. Is y(r) a composite number?
False
Let z(v) = 71972*v + 7855. Is z(6) prime?
True
Suppose 4*y - 2737 = 5*q, -3*q + 429 = 3*y - 1590. Let r = y + -232. Is r a prime number?
False
Suppose -151*p + 2381363 = -1849355. Is p a prime number?
False
Suppose -57899 = -o + 5*y + 86390, 0 = -5*o - 4*y + 721503. Is o a prime number?
True
Suppose -3*u - t = -407, 0*u - t = 4*u - 544. Let r = -10 + 14. Suppose -h + u = r*i, 0*h - 704 = -5*h - i. Is h composite?
True
Let j(k) = 34*k**2 - 27*k + 19. Suppose 0 = -2*n - 15 + 77. Let u = -23 + n. Is j(u) a prime number?
True
Let r = -42 + 35. Let q = -2 - r. Suppose q*w + 4 - 639 = 0. Is w a prime number?
True
Let r = 494 - -1027. Suppose -w + 2548 = -r. Is w prime?
False
Suppose 2*j - 12 = 2*d - 0, 3*d + 2*j = -28. Let s be -2*12/d + -27. Is (-50)/(-3)*(-2268)/s - -4 prime?
True
Is 3318/948 - 3968251/(-2) a prime number?
False
Let k = -115018 - -174527. Is k a composite number?
False
Let m be (59/1 - 1)*(-344)/16. Suppose l + 2458 = 5*n, -2*n - 4916 = -0*l + 2*l. Let i = m - l. Is i prime?
False
Let i(u) be the second derivative of -u**5/20 - u**4/2 + 4*u**3/3 + 11*u**2 + 14*u. Let n be i(-7). Is ((-732)/n)/(10/(-25)) composite?
True
Is 370240/26 + (-6 + 5)*-3 prime?
True
Suppose 2*d + 22*w + 20 = 20*w, 0 = -4*d + 4*w. Is (-1)/((-345108)/69021 - d) a composite number?
True
Let y(m) = -211*m - 52. Suppose -4*g - 15 - 5 = 3*h, -3*g + 2*h - 15 = 0. Is y(g) a prime number?
False
Let g(v) be the first derivative of v**4/4 - 7*v**3/3 + 7*v**2/2 - 2*v - 15. Let q be g(6). Suppose 723 + 3610 = 4*s + 3*z, 5*s - 5455 = q*z. Is s composite?
False
Let k be ((6/(-4))/(-3))/(-1)*2. Let a(z) = -2*z + 3. Let v be a(k). Suppose 2*c - 112 = v*x + 69, 0 = -2*x + 2. Is c a prime number?
False
Suppose p = 5*a + 59692 + 6146, 0 = -4*p + a + 263333. Is p composite?
True
Suppose 0 = 2*y + l - 18 + 3, 4*y - 25 = -l. Suppose 8*m - 5 = -y. Suppose m = 4*a - a - 762. Is a composite?
True
Let d(z) = z + 14. Let j be d(-7). Suppose -5955 + 362 = -j*x. Is x a prime number?
False
Let x = -153 + 157. Suppose -x*d = -n - 5492, -d + 1373 = -0*d + 3*n. Is d a composite number?
False
Suppose 35*p - 42*p = -3*k + 192792, 0 = -2*k + 2*p + 128536. Is k composite?
False
Suppose -u - 2*c = -10, -3*c + 46 = 5*u + 17. Suppose u*r = -r - 550. Is (1 + r)*(-6 + 5) a prime number?
True
Let s(m) = -m**2 + 15*m - 21. Let x be s(12). Suppose -8*f - 22358 = -x*f. Is f composite?
True
Let b(d) = d + 22. Let m(y) = y**2 - 3*y - 60. Let k(q) = 5*b(q) + 2*m(q). Suppose 0 = 2*l + 24 - 6. Is k(l) composite?
True
Let v(y) = -3*y**2 + 64*y - 657. Let b be v(-24). Let x be 8/(737/736 - 1). Let n = b + x. Is n prime?
False
Let o(i) = -9761*i + 2179. Is o(-6) prime?
False
Is (5 + -17)*49292/(-48) a composite number?
False
Suppose 3 = 3*o, 4*o = 5*l - 2239 + 5423. Let i = l - -1017. Is i prime?
False
Suppose -2*u - u - 2*m = 122, 106 = -3*u + 2*m. Is 58/5*(-5035)/u prime?
False
Let x(u) = -966*u**2 - u. Let n be x(1). Let w = n + 2084. Is w a composite number?
False
Let w = 31 + -29. Suppose -3*z = -4*z + 3*o + 2576, -w*z + 4*o = -5154. Is z composite?
False
Suppose 3*o - 130188 = 33*k - 30*k, -2*o - 4*k + 86762 = 0. Is o a composite number?
False
Let m = 7419262 - 4860311. Is m composite?
False
Let f(i) = 10*i + 2. Let w be f(2). Let l = 53 + 204. Let n = l - w. Is n composite?
True
Let b be (50 + -44)/(2/(-588)). Let q = b + 3187. Is q prime?
True
Let g = 172264 - -126249. Is g a composite number?
False
Let m = 94100 - -72883. Is m composite?
True
Let v(c) = -129*c**3 - 4*c**2 + 9*c. Let i be v(-3). Let z = i + -1309. Is z composite?
False
Let x(v) = 138*v - 39. Let c be 386/8 - 30/(-40). Suppose -5*p - c = -94. Is x(p) prime?
False
Let n(r) be the first derivative of 781*r**2/2 + 107*r + 161. Is n(16) a composite number?
True
Let z(v) be the second derivative of 3*v**5/10 + v**4/12 + v**3/2 - 3*v**2/2 - 6*v. Let f be z(2). Let q = f - -376. Is q a composite number?
False
Let u(s) be the third derivative of s**5/60 + 5*s**4/12 - 25*s**3/6 - 20*s**2. Let w be u(-12). Is (-4 - (w + 2))*(-993)/5 composite?
True
Suppose 61*p = -5*p + 4654254. Is p prime?
False
Let l(y) = 2*y**2 + 11*y - 61. Let i be l(-9). Suppose u - 3*d - 3786 = -i*d, -5*u + 18937 = 2*d. Is u prime?
False
Suppose 3*o = 5*q + 30, -5*o + 3*q + q + 37 = 0. Is (2 - (-127008)/60)/(2/o) prime?
True
Let u be 188/28 - (-2)/7. Let m be -2*(u/(-10) - (-4)/(-5)). Is m/(-6) + (6401/2 - 1) a composite number?
True
Suppose -1032*i + 1058*i + 9389 = 288291. Is i composite?
True
Let o(h) = h**3 + 6*h**2 + h + 1. Let u be o(-6). Let c be 6/4*5/((-30)/(-8)). Is 1 + (-4*c)/(u/220) prime?
True
Let d(l) = -l**3 + 5*l**2 + 13*l - 21. Let g be d(6). Is ((-3227)/3)/((-238)/g - -11) a prime number?
False
Let c(a) = -2*a + 3. Let x(z) = -132*z - 2. Let q(t) = -3*c(t) + x(t). Let d = -4 + 1. Is q(d) prime?
True
Suppose -2*q = -j + 456339, 826*j + 456349 = 827*j - 4*q. Is j a prime number?
True
Suppose -2*z - 3 + 7 = 0. Let t be (z - 1)/(4 - 22/6). Suppose -2*j + t*j - 26 = 0. Is j a composite number?
True
Suppose 2*x = -2*k + 3570 - 766, -3*k + 3*x = -4188. Let t = 2092 - k. Let s = 1948 - t. Is s a composite number?
True
Let y = 1136819 + -597412. Is y composite?
True
Suppose -v + 4210 + 2533 = -4*g, -2*v + 2*g = -13480. Is v prime?
False
Suppose 0 = -108*y + 10428358 + 17285414. Is y a prime number?
True
Suppose 44*x = 46*x + 278480. Let c be -2 + x/(-14) - 4/(-14). Suppose -9*b = -20449 - c. Is b prime?
False
Suppose 1512 = 2*l - 1728. Let b = 5063 - l. Is b a composite number?
True
Suppose 3*i - 220940 = 5*n, -9*i = -14*i - 2*n + 368285. Is i composite?
True
Suppose 5*w - 2*u = 38319, 4*w - 30648 = -134*u + 132*u. Is w a prime number?
False
Is ((-1251830)/(-15))/(8/12) prime?
True
Suppose 0 = 98*w - 74*w + 102024. Let x = 20060 + w. Is x a prime number?
True
Let k(y) = y**3 - 5*y**2 - 16*y + 11. Let x be k(7). Let a be (2 + 120)*(x + (-22)/(-4)). Let u = a + -82. Is u a composite number?
False
Suppose 4*y = 3*k - 57, -5*k - 24 = 2*y + 11. Let n be 6/(-4) - y/(-30). Is (22/22)/(n/(-1514)) a composite number?
False
Suppose 115896 = 15*j - 123939. Let f = -7210 + j. Is f prime?
True
Let n(s) = s**3 + 32*s**2 + 32*s + 35. Let z be n(-31). Let v(h) = 370*h + 4. Let p be v(z). Suppose -4*o = -4448 - p. Is o prime?
True
Let h(n) = 53*n**2 + 264*n - 574. Is h(-79) composite?
True
Is (482556/16)/(27/36) a prime number?
True
Suppose 60 = 2*h + 3*x, -4*h = -2*h - 2*x - 60. Is h/6 - (-2 - 2920) composite?
False
Is (((-60178)/(-6))/((-38)/1140))/(6 - 8) a prime number?
False
Let i = 188 - 199. Let m = i - -388. Is m composite?
True
Let t(g) = -g**3 - 6*g**2 - 7*g - 5. Let a be t(-4). Let b be ((-6)/7)/(124/(-434)). Is b/9 + (-303)/a a composite number?
True
Suppose 160 = 239*q - 235*q. Let d(j) = -3*j**2 + 153*j + 41. Is d(q) prime?
True
Let l(s) = -4*s**2 - 7*s + 5623. Is l(0) a composite number?
False
Suppose r - 5412 - 8490 = 0. Let m = r + -23162. Is ((-7)/3 - -2) + m/(-6) a prime number?
True
Let v(z) = z**3 - 3*z**2 + 2*z - 6. Let k be v(3). Let q be (-1 - ((-8)/6 - k))*15. Suppose 5*l - q*r = 5445, -2*r = -2*l - r + 2176. Is l prime?
True
Let h be ((-3)/(-1)*-3)/((-12)/14916). Suppose 23*q = -h + 64846. Is q a composite number?
False
Suppose 48341 = 5*r - 2*i, 6*i - 7*i = -r + 9670. Suppose 0 = 3*f + 5*q - 4356 - 2898, -4*f - 5*q = -r. Is f a composite number?
True
Let c(a) = -a**2 + 23*a + 82. Let t be c(26). Suppose s + t*k - 303 = 416, 4*s = k + 2808. Is s a composite number?
True
Suppose 9*l = 13*l + 1304. Let h(k) = 4*k**2 + 15*k + 19. Let a be h(-14). Let j = a + l. Is j prime?
False
Let c = -22 + 24. Suppose -4*m = k + 571, -c*k - 843 = m + 320. Let u = 1085 + k. Is u prime?
False
Let f = 16697 + 5480. Is f prime?
False
Let q(n) = 383575*n**2 + 178*n + 562. Is q(-3) a prime number?
True
Suppose -w + 5*w - 29692 = 0. Let c = -4344 + w. Is c prime?
True
Let f(l) = -4*l - 169. Let k be f(-44). Let d(s) = -7*s + 18*s**3 - 7 - 7*s**2 - 11 + 15. Is d(k) a prime number?